{"id":355,"date":"2022-02-01T16:34:44","date_gmt":"2022-02-01T15:34:44","guid":{"rendered":"https:\/\/boogieclub.net\/?page_id=355"},"modified":"2025-02-27T18:44:25","modified_gmt":"2025-02-27T17:44:25","slug":"voyages","status":"publish","type":"page","link":"https:\/\/boogieclub.net\/index.php\/voyages\/","title":{"rendered":"Voyages"},"content":{"rendered":"\n<p class=\"has-text-align-center has-larger-font-size\"><\/p>\n\n\n\n<h3 class=\"wp-block-heading has-text-align-center has-accent-background-color has-background\" id=\"stage-de-rock-salsa-lindy-hop-calpe-2022\">STAGE DE ROCK, SALSA, LINDY HOP, BACHATA, SON, AFRO, PERCUS, MUSIQUE, REGGAETON CALPE 2025<\/h3>\n\n\n\n<div class=\"wp-block-group\"><div class=\"wp-block-group__inner-container is-layout-constrained wp-block-group-is-layout-constrained\">\n<figure class=\"wp-block-gallery has-nested-images columns-default is-cropped wp-block-gallery-1 is-layout-flex wp-block-gallery-is-layout-flex\">\n<figure class=\"wp-block-image size-full\"><img loading=\"lazy\" decoding=\"async\" width=\"1024\" height=\"1024\" data-id=\"547\" src=\"https:\/\/boogieclub.net\/wp-content\/uploads\/2023\/11\/image.png\" alt=\"\" class=\"wp-image-547\" srcset=\"https:\/\/boogieclub.net\/wp-content\/uploads\/2023\/11\/image.png 1024w, https:\/\/boogieclub.net\/wp-content\/uploads\/2023\/11\/image-300x300.png 300w, https:\/\/boogieclub.net\/wp-content\/uploads\/2023\/11\/image-150x150.png 150w, https:\/\/boogieclub.net\/wp-content\/uploads\/2023\/11\/image-768x768.png 768w\" sizes=\"auto, (max-width: 1024px) 100vw, 1024px\" \/><\/figure>\n\n\n\n<figure class=\"wp-block-image size-full\"><img loading=\"lazy\" decoding=\"async\" width=\"700\" height=\"522\" data-id=\"548\" src=\"https:\/\/boogieclub.net\/wp-content\/uploads\/2023\/11\/image-1.png\" alt=\"\" class=\"wp-image-548\" srcset=\"https:\/\/boogieclub.net\/wp-content\/uploads\/2023\/11\/image-1.png 700w, https:\/\/boogieclub.net\/wp-content\/uploads\/2023\/11\/image-1-300x224.png 300w\" sizes=\"auto, (max-width: 700px) 100vw, 700px\" \/><\/figure>\n\n\n\n<figure class=\"wp-block-image size-full\"><img loading=\"lazy\" decoding=\"async\" width=\"708\" height=\"768\" data-id=\"549\" src=\"https:\/\/boogieclub.net\/wp-content\/uploads\/2023\/11\/image-2.png\" alt=\"\" class=\"wp-image-549\" srcset=\"https:\/\/boogieclub.net\/wp-content\/uploads\/2023\/11\/image-2.png 708w, https:\/\/boogieclub.net\/wp-content\/uploads\/2023\/11\/image-2-277x300.png 277w\" sizes=\"auto, (max-width: 708px) 100vw, 708px\" \/><\/figure>\n<\/figure>\n<\/div><\/div>\n\n\n\n<h4 class=\"wp-block-heading has-text-align-center has-accent-color has-subtle-background-background-color has-text-color has-background\" id=\"du-17-au-24-avril-2022-hotel-4-ar-diamante-beach-spa\">DU 20 au 27 AVRIL 2025 HOTEL AR DIAMANTE BEACH 4* SUP<\/h4>\n\n\n\n<h5 class=\"wp-block-heading has-text-align-center\" id=\"prix-en-pension-complete-par-adulte-base-chambre-double-7-nuits-450\" style=\"font-size:17px\">Prix en pension compl\u00e8te par adulte base chambre double 7 NUITS : <mark style=\"background-color:rgba(0, 0, 0, 0)\" class=\"has-inline-color has-accent-color\">540\u20ac<\/mark><\/h5>\n\n\n\n<h5 class=\"wp-block-heading has-text-align-center\" id=\"tarif-enfant-12ans-loge-avec-2-adultes-175-le-2eme-gratuit\" style=\"font-size:17px\">Tarif enfant (-12ans, log\u00e9 avec 2 adultes) : 210\u20ac, le 2\u00e8me gratuit<\/h5>\n\n\n\n<h6 class=\"wp-block-heading has-text-align-center has-accent-color has-text-color\" id=\"inscription-sure-si-dossier-complet-avant-le-28-fevrier\" style=\"font-size:19px\">Inscription s\u00fbre si dossier complet avant le 31 JANVier 2025<\/h6>\n\n\n\n<div class=\"wp-block-group\"><div class=\"wp-block-group__inner-container is-layout-flow wp-block-group-is-layout-flow\">\n<h6 class=\"wp-block-heading has-text-align-center has-secondary-background-color has-background\" id=\"rock-salsa-bachata-lindy-hop-son-reggaeton-afro-percus-musique\">ROCK &#8211; SALSA &#8211; BACHATA &#8211; LINDY HOP &#8211; SON &#8211; REGGAETON &#8211; AFRO &#8211; PERCUS &#8211; MUSIQUE<\/h6>\n<\/div><\/div>\n\n\n\n<h6 class=\"wp-block-heading has-text-align-center has-primary-color has-background-background-color has-text-color has-background\" id=\"inscription-en-ligne\"><a href=\"https:\/\/forms.gle\/GqEcwRq9WjQCjY9s6\" target=\"_blank\" rel=\"noreferrer noopener\">INSCRIPTION EN LIGNE<\/a><\/h6>\n\n\n\n<h6 class=\"wp-block-heading has-text-align-center has-background-background-color has-background\" id=\"telechargez-la-pub-avec-le-bulletin-d-inscription\"><a href=\"https:\/\/drive.google.com\/file\/d\/1O2hyr9HVv-Osunx-q7sViiA_SyM8xUSU\/view?usp=share_link\" target=\"_blank\" rel=\"noreferrer noopener\">T\u00e9l\u00e9chargez la pub avec le bulletin d&#8217;inscription<\/a><\/h6>\n\n\n\n<h6 class=\"wp-block-heading has-text-align-center has-background-background-color has-background\" id=\"telechargez-le-programme\"><a href=\"https:\/\/drive.google.com\/file\/d\/1abisaG1E_mw56QGOZpLcSH02DZlR0G_7\/view?usp=share_link\" target=\"_blank\" rel=\"noreferrer noopener\">T\u00e9l\u00e9chargez le programme<\/a><\/h6>\n\n\n\n<div class=\"wp-block-columns is-layout-flex wp-container-core-columns-is-layout-9d6595d7 wp-block-columns-is-layout-flex\">\n<div class=\"wp-block-column is-layout-flow wp-block-column-is-layout-flow\" style=\"flex-basis:100%\">\n<p class=\"has-primary-color has-subtle-background-background-color has-text-color has-background\">Ce prix comprend : <\/p>\n\n\n\n<div class=\"wp-block-group\"><div class=\"wp-block-group__inner-container is-layout-flow wp-block-group-is-layout-flow\">\n<p>La pension compl\u00e8te avec boissons \u00e0 table<\/p>\n\n\n\n<p>Les cours de Rock, Salsa, Lindy Hop, bachata, soir\u00e9es dansantes mais aussi cours de percus, musique, danse afro-cubaine, Son, Rueda, Reggaeton \u2026<\/p>\n\n\n\n<p>Chambre triple : 505\u20ac par personne au lieu de 540\u20ac<\/p>\n\n\n\n<p>Cocktail de bienvenue, WIFI gratuit<\/p>\n\n\n\n<p>1 circuit SPA<\/p>\n<\/div><\/div>\n\n\n\n<p class=\"has-subtle-background-background-color has-background\">Ce prix ne comprend pas : <\/p>\n\n\n\n<div class=\"wp-block-group\"><div class=\"wp-block-group__inner-container is-layout-flow wp-block-group-is-layout-flow\">\n<p>Les boissons au bar, les excursions<\/p>\n\n\n\n<p>L\u2019assurance annulation : +15\u20ac<\/p>\n\n\n\n<p>Chambre individuelle : + 215\u20ac (Plus de chambres avec 190\u20ac de suppl\u00e9ment)<\/p>\n\n\n\n<p>Le transport (un covoiturage est organis\u00e9 pour ceux qui le souhaitent)<\/p>\n<\/div><\/div>\n<\/div>\n<\/div>\n\n\n\n<p class=\"has-accent-background-color has-background\">Informations pratiques :<\/p>\n\n\n\n<div class=\"wp-block-group\"><div class=\"wp-block-group__inner-container is-layout-flow wp-block-group-is-layout-flow\">\n<p>Pour cette 23\u00e8me \u00e9dition de notre voyage d\u2019avril nous retournons dans la tr\u00e8s jolie station baln\u00e9aire de Calpe au Diamante Beach qui est l\u2019h\u00f4tel qui offre les meilleures prestations depuis l\u2019origine de nos voyages.<\/p>\n\n\n\n<p>Cette ann\u00e9e nous avons la joie et le plaisir d&#8217;avoir 2 nouveaux intervenants de poids ! <strong>Madeline Rodriguez<\/strong> de Cienfuegos &#8211; Cuba (Salsa, Son, Reggaeton \u2026) ainsi que <strong>Fred V\u00e9ron<\/strong> de Montpellier (Rock\/Boogie). <strong>Ana Minguez<\/strong> de Donostia\/San Sebastian (Lindy Hop) nous fera encore l&#8217;honneur d&#8217;\u00eatre parmi nous. Nous aurons \u00e9galement 2 DJ\u2019S pour animer nos soir\u00e9es avec <strong>Patxi \u00ab&nbsp;Crazy Legs&nbsp;\u00bb<\/strong> (swing rock) et <strong>Claude Sarrazin<\/strong> (Latino) bien connu des soir\u00e9es cubaines du sud-ouest.&nbsp;<\/p>\n\n\n\n<p>Et toujours <strong>Aur\u00e9lien<\/strong> de l\u2019asso Kukakin (Percussions) , <strong>Javier et Domi<\/strong> d\u2019Iroko (Salsa, Afro), <strong>Alex<\/strong> (Bachata) et <strong>Pierre<\/strong> du Boogie Club (Rock, Musique).<\/p>\n\n\n\n<p>Toujours de la musique au programme ! L\u2019id\u00e9e : monter 2 projets musicaux avec vous tous, musiciens ou pas, qui nous tiendra en haleine toute la semaine. L\u2019objectif : d\u00e9velopper votre sens musical car la danse est intimement li\u00e9e \u00e0 la musique.<\/p>\n\n\n\n<p>Le jeudi sera une journ\u00e9e libre. Calpe se situe \u00e0 120km au sud de Valence dans une tr\u00e8s jolie r\u00e9gion et l\u2019h\u00f4tel est \u00e0 2 pas de la plage de sable au pied du c\u00e9l\u00e8bre pignon d\u2019Ifach. 2 belles salles de danse (planning sur internet), un circuit SPA offert, frigo dans les chambres (important pour l\u2019organisation des ap\u00e9ros !!!). Tous les soirs une soir\u00e9e dansante sera organis\u00e9e \u00e0 l\u2019h\u00f4tel.&nbsp; Celui-ci est magnifique, vous pouvez d\u00e9j\u00e0 le visiter virtuellement sur :&nbsp;<a href=\"http:\/\/www.diamantebeach.com\">http:\/\/www.diamantebeach.com<\/a><\/p>\n\n\n\n<p><strong>Ce stage est ouvert \u00e0 tous m\u00eame si vous n\u2019avez aucune notion de danse alors n\u2019h\u00e9sitez pas \u00e0 en parler \u00e0 vos amis.<\/strong><\/p>\n\n\n\n<p>Tous les ingr\u00e9dients sont r\u00e9unis pour que nous passions tous une tr\u00e8s bonne semaine autour de la danse, de la musique et de la f\u00eate \u00e0 un prix accessible !&nbsp;<\/p>\n\n\n\n<p>LES DERNIERES INFORMATIONS AVANT LE DEPART SERONT SUR LES SITES<strong> <\/strong><a href=\"http:\/\/www.boogieclub.net\"><strong>www.boogieclub.net<\/strong><\/a><strong> ou <\/strong><a href=\"http:\/\/www.irokosalsa.com\"><strong>www.irokosalsa.com<\/strong><\/a><\/p>\n<\/div><\/div>\n","protected":false},"excerpt":{"rendered":"<p>STAGE DE ROCK, SALSA, LINDY HOP, BACHATA, SON, AFRO, PERCUS, MUSIQUE, REGGAETON CALPE 2025 DU 20 au 27 AVRIL 2025 HOTEL AR DIAMANTE BEACH 4* SUP Prix en pension compl\u00e8te par adulte base chambre double 7 NUITS : 540\u20ac Tarif enfant (-12ans, log\u00e9 avec 2 adultes) : 210\u20ac, le 2\u00e8me gratuit Inscription s\u00fbre si dossier [&hellip;]<\/p>\n","protected":false},"author":1,"featured_media":0,"parent":0,"menu_order":0,"comment_status":"closed","ping_status":"closed","template":"","meta":{"footnotes":""},"class_list":["post-355","page","type-page","status-publish","hentry"],"yoast_head":"<!-- This site is optimized with the Yoast SEO plugin v27.5 - https:\/\/yoast.com\/product\/yoast-seo-wordpress\/ -->\n<title>Voyages - Boogie Club<\/title>\n<meta name=\"robots\" content=\"index, follow, max-snippet:-1, max-image-preview:large, max-video-preview:-1\" \/>\n<link rel=\"canonical\" href=\"https:\/\/boogieclub.net\/index.php\/voyages\/\" \/>\n<meta property=\"og:locale\" content=\"fr_FR\" \/>\n<meta property=\"og:type\" content=\"article\" \/>\n<meta property=\"og:title\" content=\"Voyages - Boogie Club\" \/>\n<meta property=\"og:description\" content=\"STAGE DE ROCK, SALSA, LINDY HOP, BACHATA, SON, AFRO, PERCUS, MUSIQUE, REGGAETON CALPE 2025 DU 20 au 27 AVRIL 2025 HOTEL AR DIAMANTE BEACH 4* SUP Prix en pension compl\u00e8te par adulte base chambre double 7 NUITS : 540\u20ac Tarif enfant (-12ans, log\u00e9 avec 2 adultes) : 210\u20ac, le 2\u00e8me gratuit Inscription s\u00fbre si dossier [&hellip;]\" \/>\n<meta property=\"og:url\" content=\"https:\/\/boogieclub.net\/index.php\/voyages\/\" \/>\n<meta property=\"og:site_name\" content=\"Boogie Club\" \/>\n<meta property=\"article:publisher\" content=\"https:\/\/www.facebook.com\/BoogieClubPau\" \/>\n<meta property=\"article:modified_time\" content=\"2025-02-27T17:44:25+00:00\" \/>\n<meta property=\"og:image\" content=\"https:\/\/boogieclub.net\/wp-content\/uploads\/2023\/11\/image.png\" \/>\n\t<meta property=\"og:image:width\" content=\"1024\" \/>\n\t<meta property=\"og:image:height\" content=\"1024\" \/>\n\t<meta property=\"og:image:type\" content=\"image\/png\" \/>\n<meta name=\"twitter:card\" content=\"summary_large_image\" \/>\n<meta name=\"twitter:label1\" content=\"Dur\u00e9e de lecture estim\u00e9e\" \/>\n\t<meta name=\"twitter:data1\" content=\"4 minutes\" \/>\n<script type=\"application\/ld+json\" class=\"yoast-schema-graph\">{\"@context\":\"https:\\\/\\\/schema.org\",\"@graph\":[{\"@type\":\"WebPage\",\"@id\":\"https:\\\/\\\/boogieclub.net\\\/index.php\\\/voyages\\\/\",\"url\":\"https:\\\/\\\/boogieclub.net\\\/index.php\\\/voyages\\\/\",\"name\":\"Voyages - Boogie Club\",\"isPartOf\":{\"@id\":\"https:\\\/\\\/boogieclub.net\\\/#website\"},\"primaryImageOfPage\":{\"@id\":\"https:\\\/\\\/boogieclub.net\\\/index.php\\\/voyages\\\/#primaryimage\"},\"image\":{\"@id\":\"https:\\\/\\\/boogieclub.net\\\/index.php\\\/voyages\\\/#primaryimage\"},\"thumbnailUrl\":\"https:\\\/\\\/boogieclub.net\\\/wp-content\\\/uploads\\\/2023\\\/11\\\/image.png\",\"datePublished\":\"2022-02-01T15:34:44+00:00\",\"dateModified\":\"2025-02-27T17:44:25+00:00\",\"breadcrumb\":{\"@id\":\"https:\\\/\\\/boogieclub.net\\\/index.php\\\/voyages\\\/#breadcrumb\"},\"inLanguage\":\"fr-FR\",\"potentialAction\":[{\"@type\":\"ReadAction\",\"target\":[\"https:\\\/\\\/boogieclub.net\\\/index.php\\\/voyages\\\/\"]}]},{\"@type\":\"ImageObject\",\"inLanguage\":\"fr-FR\",\"@id\":\"https:\\\/\\\/boogieclub.net\\\/index.php\\\/voyages\\\/#primaryimage\",\"url\":\"https:\\\/\\\/boogieclub.net\\\/wp-content\\\/uploads\\\/2023\\\/11\\\/image.png\",\"contentUrl\":\"https:\\\/\\\/boogieclub.net\\\/wp-content\\\/uploads\\\/2023\\\/11\\\/image.png\",\"width\":1024,\"height\":1024},{\"@type\":\"BreadcrumbList\",\"@id\":\"https:\\\/\\\/boogieclub.net\\\/index.php\\\/voyages\\\/#breadcrumb\",\"itemListElement\":[{\"@type\":\"ListItem\",\"position\":1,\"name\":\"Accueil\",\"item\":\"https:\\\/\\\/boogieclub.net\\\/\"},{\"@type\":\"ListItem\",\"position\":2,\"name\":\"Voyages\"}]},{\"@type\":\"WebSite\",\"@id\":\"https:\\\/\\\/boogieclub.net\\\/#website\",\"url\":\"https:\\\/\\\/boogieclub.net\\\/\",\"name\":\"Boogie Club\",\"description\":\"Rock, Swing, Lindy Hop, Balboa \u00e0 Pau (64)\",\"publisher\":{\"@id\":\"https:\\\/\\\/boogieclub.net\\\/#organization\"},\"potentialAction\":[{\"@type\":\"SearchAction\",\"target\":{\"@type\":\"EntryPoint\",\"urlTemplate\":\"https:\\\/\\\/boogieclub.net\\\/?s={search_term_string}\"},\"query-input\":{\"@type\":\"PropertyValueSpecification\",\"valueRequired\":true,\"valueName\":\"search_term_string\"}}],\"inLanguage\":\"fr-FR\"},{\"@type\":\"Organization\",\"@id\":\"https:\\\/\\\/boogieclub.net\\\/#organization\",\"name\":\"Boogie Club\",\"url\":\"https:\\\/\\\/boogieclub.net\\\/\",\"logo\":{\"@type\":\"ImageObject\",\"inLanguage\":\"fr-FR\",\"@id\":\"https:\\\/\\\/boogieclub.net\\\/#\\\/schema\\\/logo\\\/image\\\/\",\"url\":\"http:\\\/\\\/boogieclub.net\\\/wp-content\\\/uploads\\\/2021\\\/07\\\/cropped-Logo-Boogie.jpg\",\"contentUrl\":\"http:\\\/\\\/boogieclub.net\\\/wp-content\\\/uploads\\\/2021\\\/07\\\/cropped-Logo-Boogie.jpg\",\"width\":488,\"height\":240,\"caption\":\"Boogie Club\"},\"image\":{\"@id\":\"https:\\\/\\\/boogieclub.net\\\/#\\\/schema\\\/logo\\\/image\\\/\"},\"sameAs\":[\"https:\\\/\\\/www.facebook.com\\\/BoogieClubPau\",\"https:\\\/\\\/www.youtube.com\\\/channel\\\/UCcXmTdAQKqCovbtNdkdjhqg\"]}]}<\/script>\n<!-- \/ Yoast SEO plugin. -->","yoast_head_json":{"title":"Voyages - Boogie Club","robots":{"index":"index","follow":"follow","max-snippet":"max-snippet:-1","max-image-preview":"max-image-preview:large","max-video-preview":"max-video-preview:-1"},"canonical":"https:\/\/boogieclub.net\/index.php\/voyages\/","og_locale":"fr_FR","og_type":"article","og_title":"Voyages - Boogie Club","og_description":"STAGE DE ROCK, SALSA, LINDY HOP, BACHATA, SON, AFRO, PERCUS, MUSIQUE, REGGAETON CALPE 2025 DU 20 au 27 AVRIL 2025 HOTEL AR DIAMANTE BEACH 4* SUP Prix en pension compl\u00e8te par adulte base chambre double 7 NUITS : 540\u20ac Tarif enfant (-12ans, log\u00e9 avec 2 adultes) : 210\u20ac, le 2\u00e8me gratuit Inscription s\u00fbre si dossier [&hellip;]","og_url":"https:\/\/boogieclub.net\/index.php\/voyages\/","og_site_name":"Boogie Club","article_publisher":"https:\/\/www.facebook.com\/BoogieClubPau","article_modified_time":"2025-02-27T17:44:25+00:00","og_image":[{"width":1024,"height":1024,"url":"https:\/\/boogieclub.net\/wp-content\/uploads\/2023\/11\/image.png","type":"image\/png"}],"twitter_card":"summary_large_image","twitter_misc":{"Dur\u00e9e de lecture estim\u00e9e":"4 minutes"},"schema":{"@context":"https:\/\/schema.org","@graph":[{"@type":"WebPage","@id":"https:\/\/boogieclub.net\/index.php\/voyages\/","url":"https:\/\/boogieclub.net\/index.php\/voyages\/","name":"Voyages - Boogie Club","isPartOf":{"@id":"https:\/\/boogieclub.net\/#website"},"primaryImageOfPage":{"@id":"https:\/\/boogieclub.net\/index.php\/voyages\/#primaryimage"},"image":{"@id":"https:\/\/boogieclub.net\/index.php\/voyages\/#primaryimage"},"thumbnailUrl":"https:\/\/boogieclub.net\/wp-content\/uploads\/2023\/11\/image.png","datePublished":"2022-02-01T15:34:44+00:00","dateModified":"2025-02-27T17:44:25+00:00","breadcrumb":{"@id":"https:\/\/boogieclub.net\/index.php\/voyages\/#breadcrumb"},"inLanguage":"fr-FR","potentialAction":[{"@type":"ReadAction","target":["https:\/\/boogieclub.net\/index.php\/voyages\/"]}]},{"@type":"ImageObject","inLanguage":"fr-FR","@id":"https:\/\/boogieclub.net\/index.php\/voyages\/#primaryimage","url":"https:\/\/boogieclub.net\/wp-content\/uploads\/2023\/11\/image.png","contentUrl":"https:\/\/boogieclub.net\/wp-content\/uploads\/2023\/11\/image.png","width":1024,"height":1024},{"@type":"BreadcrumbList","@id":"https:\/\/boogieclub.net\/index.php\/voyages\/#breadcrumb","itemListElement":[{"@type":"ListItem","position":1,"name":"Accueil","item":"https:\/\/boogieclub.net\/"},{"@type":"ListItem","position":2,"name":"Voyages"}]},{"@type":"WebSite","@id":"https:\/\/boogieclub.net\/#website","url":"https:\/\/boogieclub.net\/","name":"Boogie Club","description":"Rock, Swing, Lindy Hop, Balboa \u00e0 Pau (64)","publisher":{"@id":"https:\/\/boogieclub.net\/#organization"},"potentialAction":[{"@type":"SearchAction","target":{"@type":"EntryPoint","urlTemplate":"https:\/\/boogieclub.net\/?s={search_term_string}"},"query-input":{"@type":"PropertyValueSpecification","valueRequired":true,"valueName":"search_term_string"}}],"inLanguage":"fr-FR"},{"@type":"Organization","@id":"https:\/\/boogieclub.net\/#organization","name":"Boogie Club","url":"https:\/\/boogieclub.net\/","logo":{"@type":"ImageObject","inLanguage":"fr-FR","@id":"https:\/\/boogieclub.net\/#\/schema\/logo\/image\/","url":"http:\/\/boogieclub.net\/wp-content\/uploads\/2021\/07\/cropped-Logo-Boogie.jpg","contentUrl":"http:\/\/boogieclub.net\/wp-content\/uploads\/2021\/07\/cropped-Logo-Boogie.jpg","width":488,"height":240,"caption":"Boogie Club"},"image":{"@id":"https:\/\/boogieclub.net\/#\/schema\/logo\/image\/"},"sameAs":["https:\/\/www.facebook.com\/BoogieClubPau","https:\/\/www.youtube.com\/channel\/UCcXmTdAQKqCovbtNdkdjhqg"]}]}},"_links":{"self":[{"href":"https:\/\/boogieclub.net\/index.php\/wp-json\/wp\/v2\/pages\/355","targetHints":{"allow":["GET"]}}],"collection":[{"href":"https:\/\/boogieclub.net\/index.php\/wp-json\/wp\/v2\/pages"}],"about":[{"href":"https:\/\/boogieclub.net\/index.php\/wp-json\/wp\/v2\/types\/page"}],"author":[{"embeddable":true,"href":"https:\/\/boogieclub.net\/index.php\/wp-json\/wp\/v2\/users\/1"}],"replies":[{"embeddable":true,"href":"https:\/\/boogieclub.net\/index.php\/wp-json\/wp\/v2\/comments?post=355"}],"version-history":[{"count":48,"href":"https:\/\/boogieclub.net\/index.php\/wp-json\/wp\/v2\/pages\/355\/revisions"}],"predecessor-version":[{"id":604,"href":"https:\/\/boogieclub.net\/index.php\/wp-json\/wp\/v2\/pages\/355\/revisions\/604"}],"wp:attachment":[{"href":"https:\/\/boogieclub.net\/index.php\/wp-json\/wp\/v2\/media?parent=355"}],"curies":[{"name":"wp","href":"https:\/\/api.w.org\/{rel}","templated":true}]}}