{"id":21,"date":"2020-10-27T20:28:52","date_gmt":"2020-10-27T19:28:52","guid":{"rendered":"http:\/\/blog.boogieclub.net\/?page_id=21"},"modified":"2024-12-05T14:03:08","modified_gmt":"2024-12-05T13:03:08","slug":"accueil","status":"publish","type":"page","link":"https:\/\/boogieclub.net\/","title":{"rendered":"Le swing, c&#8217;est notre affaire !"},"content":{"rendered":"\n<p><\/p>\n\n\n\n<p>Voyage de danse \u00e0 Calpe du 20 au 27 avril 2025 ! <\/p>\n\n\n\n<p>Une \u00e9quipe de professeurs ayant tous une solide exp\u00e9rience de l&#8217;enseignement en Rock\/Boogie, Salsa Cubaine, Lindy Hop, Bachata, Percussions, Rueda de Casino, danse Afrocubaine et musique ! <\/p>\n\n\n\n<p>7 jours et 7 nuits dans un tr\u00e8s bel h\u00f4tel 4* sup que nous connaissons tr\u00e8s bien et avec une restauration de haute qualit\u00e9 ce qui a aussi son importance !<\/p>\n\n\n\n<p>Les inscriptions sont bient\u00f4t ouvertes !  <\/p>\n\n\n\n<p><\/p>\n\n\n\n<p><\/p>\n\n\n\n<p><\/p>\n\n\n\n<p><\/p>\n","protected":false},"excerpt":{"rendered":"<p>Voyage de danse \u00e0 Calpe du 20 au 27 avril 2025 ! Une \u00e9quipe de professeurs ayant tous une solide exp\u00e9rience de l&#8217;enseignement en Rock\/Boogie, Salsa Cubaine, Lindy Hop, Bachata, Percussions, Rueda de Casino, danse Afrocubaine et musique ! 7 jours et 7 nuits dans un tr\u00e8s bel h\u00f4tel 4* sup que nous connaissons tr\u00e8s [&hellip;]<\/p>\n","protected":false},"author":1,"featured_media":126,"parent":0,"menu_order":0,"comment_status":"closed","ping_status":"closed","template":"","meta":{"footnotes":""},"class_list":["post-21","page","type-page","status-publish","has-post-thumbnail","hentry"],"yoast_head":"<!-- This site is optimized with the Yoast SEO plugin v27.6 - https:\/\/yoast.com\/product\/yoast-seo-wordpress\/ -->\n<title>Le swing, c&#039;est notre affaire ! - Boogie Club<\/title>\n<meta name=\"description\" content=\"Cours de danse Rock, Lindy Hop et Balboa \u00e0 PAU\" \/>\n<meta name=\"robots\" content=\"index, follow, max-snippet:-1, max-image-preview:large, max-video-preview:-1\" \/>\n<link rel=\"canonical\" href=\"https:\/\/boogieclub.net\/\" \/>\n<meta property=\"og:locale\" content=\"fr_FR\" \/>\n<meta property=\"og:type\" content=\"article\" \/>\n<meta property=\"og:title\" content=\"Le swing, c&#039;est notre affaire ! - Boogie Club\" \/>\n<meta property=\"og:description\" content=\"Cours de danse Rock, Lindy Hop et Balboa \u00e0 PAU\" \/>\n<meta property=\"og:url\" content=\"https:\/\/boogieclub.net\/\" \/>\n<meta property=\"og:site_name\" content=\"Boogie Club\" \/>\n<meta property=\"article:publisher\" content=\"https:\/\/www.facebook.com\/BoogieClubPau\" \/>\n<meta property=\"article:modified_time\" content=\"2024-12-05T13:03:08+00:00\" \/>\n<meta property=\"og:image\" content=\"https:\/\/boogieclub.net\/wp-content\/uploads\/2021\/07\/JMD_SB-8931-e1626374697348.jpg\" \/>\n\t<meta property=\"og:image:width\" content=\"1600\" \/>\n\t<meta property=\"og:image:height\" content=\"768\" \/>\n\t<meta property=\"og:image:type\" content=\"image\/jpeg\" \/>\n<meta name=\"twitter:card\" content=\"summary_large_image\" \/>\n<meta name=\"twitter:label1\" content=\"Dur\u00e9e de lecture estim\u00e9e\" \/>\n\t<meta name=\"twitter:data1\" content=\"1 minute\" \/>\n<script type=\"application\/ld+json\" class=\"yoast-schema-graph\">{\"@context\":\"https:\\\/\\\/schema.org\",\"@graph\":[{\"@type\":\"WebPage\",\"@id\":\"https:\\\/\\\/boogieclub.net\\\/\",\"url\":\"https:\\\/\\\/boogieclub.net\\\/\",\"name\":\"Le swing, c'est notre affaire ! - Boogie Club\",\"isPartOf\":{\"@id\":\"https:\\\/\\\/boogieclub.net\\\/#website\"},\"primaryImageOfPage\":{\"@id\":\"https:\\\/\\\/boogieclub.net\\\/#primaryimage\"},\"image\":{\"@id\":\"https:\\\/\\\/boogieclub.net\\\/#primaryimage\"},\"thumbnailUrl\":\"https:\\\/\\\/boogieclub.net\\\/wp-content\\\/uploads\\\/2021\\\/07\\\/JMD_SB-8931-e1626374697348.jpg\",\"datePublished\":\"2020-10-27T19:28:52+00:00\",\"dateModified\":\"2024-12-05T13:03:08+00:00\",\"description\":\"Cours de danse Rock, Lindy Hop et Balboa \u00e0 PAU\",\"breadcrumb\":{\"@id\":\"https:\\\/\\\/boogieclub.net\\\/#breadcrumb\"},\"inLanguage\":\"fr-FR\",\"potentialAction\":[{\"@type\":\"ReadAction\",\"target\":[\"https:\\\/\\\/boogieclub.net\\\/\"]}]},{\"@type\":\"ImageObject\",\"inLanguage\":\"fr-FR\",\"@id\":\"https:\\\/\\\/boogieclub.net\\\/#primaryimage\",\"url\":\"https:\\\/\\\/boogieclub.net\\\/wp-content\\\/uploads\\\/2021\\\/07\\\/JMD_SB-8931-e1626374697348.jpg\",\"contentUrl\":\"https:\\\/\\\/boogieclub.net\\\/wp-content\\\/uploads\\\/2021\\\/07\\\/JMD_SB-8931-e1626374697348.jpg\",\"width\":1600,\"height\":768},{\"@type\":\"BreadcrumbList\",\"@id\":\"https:\\\/\\\/boogieclub.net\\\/#breadcrumb\",\"itemListElement\":[{\"@type\":\"ListItem\",\"position\":1,\"name\":\"Accueil\",\"item\":\"https:\\\/\\\/boogieclub.net\\\/\"},{\"@type\":\"ListItem\",\"position\":2,\"name\":\"Le swing, c&#8217;est notre affaire !\"}]},{\"@type\":\"WebSite\",\"@id\":\"https:\\\/\\\/boogieclub.net\\\/#website\",\"url\":\"https:\\\/\\\/boogieclub.net\\\/\",\"name\":\"Boogie Club\",\"description\":\"Rock, Swing, Lindy Hop, Balboa \u00e0 Pau (64)\",\"publisher\":{\"@id\":\"https:\\\/\\\/boogieclub.net\\\/#organization\"},\"potentialAction\":[{\"@type\":\"SearchAction\",\"target\":{\"@type\":\"EntryPoint\",\"urlTemplate\":\"https:\\\/\\\/boogieclub.net\\\/?s={search_term_string}\"},\"query-input\":{\"@type\":\"PropertyValueSpecification\",\"valueRequired\":true,\"valueName\":\"search_term_string\"}}],\"inLanguage\":\"fr-FR\"},{\"@type\":\"Organization\",\"@id\":\"https:\\\/\\\/boogieclub.net\\\/#organization\",\"name\":\"Boogie Club\",\"url\":\"https:\\\/\\\/boogieclub.net\\\/\",\"logo\":{\"@type\":\"ImageObject\",\"inLanguage\":\"fr-FR\",\"@id\":\"https:\\\/\\\/boogieclub.net\\\/#\\\/schema\\\/logo\\\/image\\\/\",\"url\":\"http:\\\/\\\/boogieclub.net\\\/wp-content\\\/uploads\\\/2021\\\/07\\\/cropped-Logo-Boogie.jpg\",\"contentUrl\":\"http:\\\/\\\/boogieclub.net\\\/wp-content\\\/uploads\\\/2021\\\/07\\\/cropped-Logo-Boogie.jpg\",\"width\":488,\"height\":240,\"caption\":\"Boogie Club\"},\"image\":{\"@id\":\"https:\\\/\\\/boogieclub.net\\\/#\\\/schema\\\/logo\\\/image\\\/\"},\"sameAs\":[\"https:\\\/\\\/www.facebook.com\\\/BoogieClubPau\",\"https:\\\/\\\/www.youtube.com\\\/channel\\\/UCcXmTdAQKqCovbtNdkdjhqg\"]}]}<\/script>\n<!-- \/ Yoast SEO plugin. -->","yoast_head_json":{"title":"Le swing, c'est notre affaire ! - Boogie Club","description":"Cours de danse Rock, Lindy Hop et Balboa \u00e0 PAU","robots":{"index":"index","follow":"follow","max-snippet":"max-snippet:-1","max-image-preview":"max-image-preview:large","max-video-preview":"max-video-preview:-1"},"canonical":"https:\/\/boogieclub.net\/","og_locale":"fr_FR","og_type":"article","og_title":"Le swing, c'est notre affaire ! - Boogie Club","og_description":"Cours de danse Rock, Lindy Hop et Balboa \u00e0 PAU","og_url":"https:\/\/boogieclub.net\/","og_site_name":"Boogie Club","article_publisher":"https:\/\/www.facebook.com\/BoogieClubPau","article_modified_time":"2024-12-05T13:03:08+00:00","og_image":[{"width":1600,"height":768,"url":"https:\/\/boogieclub.net\/wp-content\/uploads\/2021\/07\/JMD_SB-8931-e1626374697348.jpg","type":"image\/jpeg"}],"twitter_card":"summary_large_image","twitter_misc":{"Dur\u00e9e de lecture estim\u00e9e":"1 minute"},"schema":{"@context":"https:\/\/schema.org","@graph":[{"@type":"WebPage","@id":"https:\/\/boogieclub.net\/","url":"https:\/\/boogieclub.net\/","name":"Le swing, c'est notre affaire ! - Boogie Club","isPartOf":{"@id":"https:\/\/boogieclub.net\/#website"},"primaryImageOfPage":{"@id":"https:\/\/boogieclub.net\/#primaryimage"},"image":{"@id":"https:\/\/boogieclub.net\/#primaryimage"},"thumbnailUrl":"https:\/\/boogieclub.net\/wp-content\/uploads\/2021\/07\/JMD_SB-8931-e1626374697348.jpg","datePublished":"2020-10-27T19:28:52+00:00","dateModified":"2024-12-05T13:03:08+00:00","description":"Cours de danse Rock, Lindy Hop et Balboa \u00e0 PAU","breadcrumb":{"@id":"https:\/\/boogieclub.net\/#breadcrumb"},"inLanguage":"fr-FR","potentialAction":[{"@type":"ReadAction","target":["https:\/\/boogieclub.net\/"]}]},{"@type":"ImageObject","inLanguage":"fr-FR","@id":"https:\/\/boogieclub.net\/#primaryimage","url":"https:\/\/boogieclub.net\/wp-content\/uploads\/2021\/07\/JMD_SB-8931-e1626374697348.jpg","contentUrl":"https:\/\/boogieclub.net\/wp-content\/uploads\/2021\/07\/JMD_SB-8931-e1626374697348.jpg","width":1600,"height":768},{"@type":"BreadcrumbList","@id":"https:\/\/boogieclub.net\/#breadcrumb","itemListElement":[{"@type":"ListItem","position":1,"name":"Accueil","item":"https:\/\/boogieclub.net\/"},{"@type":"ListItem","position":2,"name":"Le swing, c&#8217;est notre affaire !"}]},{"@type":"WebSite","@id":"https:\/\/boogieclub.net\/#website","url":"https:\/\/boogieclub.net\/","name":"Boogie Club","description":"Rock, Swing, Lindy Hop, Balboa \u00e0 Pau (64)","publisher":{"@id":"https:\/\/boogieclub.net\/#organization"},"potentialAction":[{"@type":"SearchAction","target":{"@type":"EntryPoint","urlTemplate":"https:\/\/boogieclub.net\/?s={search_term_string}"},"query-input":{"@type":"PropertyValueSpecification","valueRequired":true,"valueName":"search_term_string"}}],"inLanguage":"fr-FR"},{"@type":"Organization","@id":"https:\/\/boogieclub.net\/#organization","name":"Boogie Club","url":"https:\/\/boogieclub.net\/","logo":{"@type":"ImageObject","inLanguage":"fr-FR","@id":"https:\/\/boogieclub.net\/#\/schema\/logo\/image\/","url":"http:\/\/boogieclub.net\/wp-content\/uploads\/2021\/07\/cropped-Logo-Boogie.jpg","contentUrl":"http:\/\/boogieclub.net\/wp-content\/uploads\/2021\/07\/cropped-Logo-Boogie.jpg","width":488,"height":240,"caption":"Boogie Club"},"image":{"@id":"https:\/\/boogieclub.net\/#\/schema\/logo\/image\/"},"sameAs":["https:\/\/www.facebook.com\/BoogieClubPau","https:\/\/www.youtube.com\/channel\/UCcXmTdAQKqCovbtNdkdjhqg"]}]}},"_links":{"self":[{"href":"https:\/\/boogieclub.net\/index.php\/wp-json\/wp\/v2\/pages\/21","targetHints":{"allow":["GET"]}}],"collection":[{"href":"https:\/\/boogieclub.net\/index.php\/wp-json\/wp\/v2\/pages"}],"about":[{"href":"https:\/\/boogieclub.net\/index.php\/wp-json\/wp\/v2\/types\/page"}],"author":[{"embeddable":true,"href":"https:\/\/boogieclub.net\/index.php\/wp-json\/wp\/v2\/users\/1"}],"replies":[{"embeddable":true,"href":"https:\/\/boogieclub.net\/index.php\/wp-json\/wp\/v2\/comments?post=21"}],"version-history":[{"count":13,"href":"https:\/\/boogieclub.net\/index.php\/wp-json\/wp\/v2\/pages\/21\/revisions"}],"predecessor-version":[{"id":589,"href":"https:\/\/boogieclub.net\/index.php\/wp-json\/wp\/v2\/pages\/21\/revisions\/589"}],"wp:featuredmedia":[{"embeddable":true,"href":"https:\/\/boogieclub.net\/index.php\/wp-json\/wp\/v2\/media\/126"}],"wp:attachment":[{"href":"https:\/\/boogieclub.net\/index.php\/wp-json\/wp\/v2\/media?parent=21"}],"curies":[{"name":"wp","href":"https:\/\/api.w.org\/{rel}","templated":true}]}}